hen 1355 is divided by q?
11
Let f = 14407 + -13975. What is the remainder when f is divided by 12?
0
Calculate the remainder when 1708/305 + (-6)/10 - -96 is divided by 31.
8
Suppose 51*f - 27*f - 480 = 0. What is the remainder when 2455 is divided by f?
15
Let w be 4 + (-186)/42 + (-1520)/14. Let n = -58 - w. What is the remainder when 2/(-2)*n*(-3)/3 is divided by 13?
12
Let v = 69 - 65. Let r(c) = -3*c + 5*c - 4*c - v*c - 18. What is the remainder when 69 is divided by r(-5)?
9
What is the remainder when 123 is divided by ((-5)/(-25) + 34/(-45))*(-10 + 1)?
3
Let w(y) = -y - 6. Let b be w(-9). Suppose -x + 232 = 4*x + 3*s, -b*x = s - 136. Suppose -97 + 5 = -4*f. Calculate the remainder when x is divided by f.
21
Let x(h) = -h**2 + 2*h - 4. Let d be x(-5). Suppose 7 = -146*j + 153*j. Calculate the remainder when (13/d)/(j/(-201)) is divided by 23.
21
Suppose -3*h + 12 + 105 = 0. Let a = 3 + h. Calculate the remainder when 125 is divided by a.
41
Suppose 2*y + 3*t - 104 + 17 = 0, -5*y = 5*t - 215. Suppose r - 4*r = -y. Calculate the remainder when (-513)/(-21) - (-8)/r is divided by 13.
12
Suppose 4*k + 2*z + 1048 = -0*k, 2*z - 267 = k. Let x = -256 - k. What is the remainder when 34 is divided by x?
6
Calculate the remainder when ((-4312)/490)/(2/(-230)) is divided by 25.
12
Let w(f) = 49*f - 174. Let l be w(-6). Let y = l - -546. Calculate the remainder when y is divided by 23.
9
Suppose -f = 2*f + 6, -t = 4*f - 34. Let j = t - 28. Suppose -2*n + j = 2*o, -1 = n + 3*o - 4*o. Calculate the remainder when 31 is divided by n.
1
Let v = 85 + -18. Suppose 47*g - 649*g + 5418 = 0. Calculate the remainder when v is divided by g.
4
Let q be (-7)/(42/(-12)) + 28. Let o(i) = -i**2 - i + 35. Calculate the remainder when (5 + (-162)/q)*-345 is divided by o(0).
33
What is the remainder when (-2660)/1344*-8*6 is divided by 21 + (1 - (2 + -2))?
7
Let q = 62 + -29. Let v = q - 31. Suppose 0 = v*g - 3*g - 4*h + 15, 5*h + 15 = 0. Calculate the remainder when 78 is divided by g.
24
Let l be (-6)/(6/(0 + -3) + 0). Suppose 0 = 5*o + l*d - 2, 1 = -d. Suppose -3*r - 35 = -5*i, 2*i - o = 3*r + 4. What is the remainder when 39 is divided by i?
9
Let q(b) = -2*b**3 - 3*b**2 - 3*b - 4. Let p be q(-4). Let d = 295 + -291. Suppose 0*z - p = -d*z. Calculate the remainder when z is divided by 13.
9
Suppose 14*k - 2335 - 6177 = 0. Suppose 4*w + 21 = 5*t + 532, 0 = 5*w + 4*t - k. Calculate the remainder when w is divided by 21.
19
Let u(x) = x**2 - 16*x - 10. Calculate the remainder when 151 is divided by u(18).
21
Let h be (-16)/(-10) + 12/30. Suppose -3*p + 29 = s, -4*s + h*p = -0*p - 172. Calculate the remainder when s is divided by 15.
11
Suppose 394*x = 390*x + 1340. Suppose -410 = -5*n - 3*z, -6*z - x = -4*n - 7*z. Calculate the remainder when n is divided by 41.
3
Suppose -4*r = -3*o + 460, 0 = 3*o + 103*r - 98*r - 424. Suppose -143 = 2*s - 15*s. Calculate the remainder when o is divided by s.
5
Let c(v) = -v**3 + 4*v**2 + 7*v + 7. Let t be c(6). Let n = t + 39. What is the remainder when (1 - -2)/(18 + (-9933)/553) is divided by n?
15
Let i = 115 + -75. Let r(x) = -4*x + 123. What is the remainder when i is divided by r(28)?
7
Suppose -w + 151 = 36. Suppose 0 = -2*k - 3*i - w, -k - 74 = -2*i - 2*i. Let y = -21 - k. Calculate the remainder when y is divided by 22.
19
Suppose -57*h + 54*h + 3*a + 336 = 0, -3*h = -a - 322. Calculate the remainder when 146 is divided by h.
41
Let l = 4118 - 4067. Suppose -4*q + 32 = -6*n + 4*n, q + 4*n = -1. Calculate the remainder when l is divided by q.
2
Let z = 4517 + -4437. What is the remainder when 195 is divided by z?
35
Let w = -14340 - -14430. What is the remainder when 983 is divided by w?
83
Suppose -63140 = -2473*v + 2429*v. Calculate the remainder when v is divided by 18.
13
Let s = -595 - -833. Let r(p) = -458*p - 3191. What is the remainder when s is divided by r(-7)?
13
Let n be 51 - 5 - 5/((-15)/(-6)). Calculate the remainder when 50 is divided by (55/n)/(3/72).
20
Let z(f) = 15*f + 15*f + 15*f - 43*f - 9. What is the remainder when 65 is divided by z(8)?
2
Suppose -5*u + 44 + 41 = 0. Let d = -84 + 89. Suppose -3*s + d*j = 0, -4*j + 35 = 4*s + j. What is the remainder when u is divided by s?
2
Suppose 0 = 4*u + 4*p - 27668, 2*u + 44*p - 13844 = 47*p. What is the remainder when u is divided by 20?
19
Let y be (-65)/(-30) + (-1)/6. Let i(o) = -33*o - 6. Let g be i(y). Let r = g + 75. Calculate the remainder when 6 is divided by r.
0
Let p(z) = 885*z - 2509. Calculate the remainder when p(3) is divided by 18.
2
Let d(m) = 2*m**3 + 67*m**2 + 25*m + 14. Let t(s) = s**2 + 48*s - 241. Let b be t(-52). What is the remainder when d(b) is divided by 5?
3
Suppose -5*s = -15*s + 70. Suppose 5*k + 5*r + 25 = 0, 57 = -5*k + 3*r - 0. What is the remainder when 2*-45*6/k is divided by s?
4
Let m(z) = -28*z - 3. Let f be m(-3). Let o = -61 + f. Let h(r) = r + 15. Calculate the remainder when o is divided by h(-7).
4
Let t(o) = -2*o**3 + 8*o**2. Let w be t(3). Suppose -7*g - w*g = -525. Calculate the remainder when 187 is divided by g.
19
Suppose 239 + 37 = 4*c. Suppose -3*w - 3*j - 106 = -8*w, 4*w + 2*j = 76. Suppose 0 = n - c + w. What is the remainder when n is divided by 13?
10
Suppose -8*l = -5*l - 5*y - 2423, 4*y = -l + 785. Suppose -799*u + l*u = 10. Calculate the remainder when 2 + 9 - (-1 + 0) is divided by u.
2
Let r be -3 + (219*22)/6. Suppose 0 = -3*k, -4*m = 10*k - 9*k - r. What is the remainder when m is divided by 35?
25
Let f(y) = -2*y - 723. Let i be f(-47). Let q = i - -667. Let l(w) = -4*w**3 + w**2 + w - 1. Calculate the remainder when l(-3) is divided by q.
37
Let c be 24/64 + 5/8. Calculate the remainder when 15 is divided by 0 - ((-2 - (1 - c)) + -4).
3
What is the remainder when 4689 is divided by (64/(-24) + -3)/(((-4)/3)/4)?
14
Suppose 3*s = 2302 - 802. Suppose s + 536 = 14*p. Calculate the remainder when p is divided by 57.
17
Let x(o) = 2*o**2 + 7*o + 1. Suppose -5*v = -3*q + 15, -5*q - 3*v + 22 = -3. Calculate the remainder when x(q) is divided by 11.
9
Suppose -r - 16 = -5*o, 5*r - o - 2*o = 8. Suppose -2*k + 74 = 2*y, -5*k = -6*y + r*y + 81. Calculate the remainder when y is divided by 8.
6
Suppose 4*o + 2*m - 1095 = 6069, 0 = -4*o + m + 7170. Calculate the remainder when o is divided by 46.
44
Let b(a) = a**3 - 69*a**2 + 530*a + 15. What is the remainder when b(8) is divided by 77?
43
Let x = -4573 + 4620. What is the remainder when 5451 is divided by x?
46
Suppose 9*d - 82 = -4*z + 6*d, 5*z = -d + 97. Suppose 1 = w, -5*v = -v - 5*w - z. Calculate the remainder when 9 is divided by v.
3
Let n(y) = y**3 - 11*y**2 + 187*y - 2638. Calculate the remainder when 382 is divided by n(13).
120
Let m = -4 - -11. Suppose 0 = m*z - 3*z - 196. Suppose 0 = 22*r - 4356 + 4224. What is the remainder when z is divided by r?
1
Calculate the remainder when (-213)/1278*(0 + 1 + -979) is divided by 48.
19
Let f be (-11)/(-22) + (-1)/2. Suppose -19*q + 16*q - 150 = f. What is the remainder when 4/2 + -2 - q is divided by 26?
24
Suppose 22 + 8 = 6*z. Let w(t) = t**3 + 31*t**2 + 31*t + 35. What is the remainder when z is divided by w(-30)?
0
Suppose -45 = -2*i + s + 213, -4*i - s = -522. Calculate the remainder when i is divided by 62.
6
Let i(o) = -18*o**2 + 610*o - 133. What is the remainder when 2775 is divided by i(33)?
10
Let n(z) = z**2. Let y(v) = -v**3 - 38*v**2 + 77*v + 22. Let s(f) = -2*n(f) - y(f). Calculate the remainder when 66 is divided by s(-38).
2
Let t(v) = 4*v + 10. Let y be t(1). Let s(i) = 24*i - 4 - 3 - 7 - 3 - i**2. What is the remainder when s(y) is divided by 31?
30
Let m = 26199 + -26194. Suppose -2*f = -3*i + 40, 2*f + f - 45 = -3*i. Calculate the remainder when i is divided by m.
4
Let p(b) = 2*b**2 - b. Let x(a) = -a**3 - 6*a**2 + 8*a + 7. Let h(q) = -4*p(q) - x(q). What is the remainder when 230 is divided by h(5)?
38
Let s(y) = 2*y - y**2 + 4*y**3 - 6*y**3 + 6*y**3 + 2*y**3. Let t be s(1). Suppose -t*d - d = -1232. What is the remainder when d is divided by 31?
30
Suppose -5*l - 1825 = -4*s - s, 4*s + 4*l = 1436. Calculate the remainder when s is divided by 198.
164
Suppose 3*t = -2*w + 5466, 3*w - 2701 = -3*t + 2771. What is the remainder when t is divided by 39?
24
Let g(v) = 2*v**2 + 3*v +